{"id":2396,"date":"2026-01-16T09:28:50","date_gmt":"2026-01-16T09:28:50","guid":{"rendered":"https:\/\/helsingborgmarathon.se\/sites\/hbgm.se\/swedish-championships\/"},"modified":"2026-01-16T12:05:00","modified_gmt":"2026-01-16T12:05:00","slug":"swedish-championships","status":"publish","type":"page","link":"https:\/\/helsingborgmarathon.se\/sites\/hbgm.se\/swedish-championships\/?lang=en","title":{"rendered":"Swedish Championships"},"content":{"rendered":"<p><div class=\"fusion-fullwidth fullwidth-box fusion-builder-row-1 fusion-flex-container has-pattern-background has-mask-background nonhundred-percent-fullwidth non-hundred-percent-height-scrolling\" style=\"--awb-border-radius-top-left:0px;--awb-border-radius-top-right:0px;--awb-border-radius-bottom-right:0px;--awb-border-radius-bottom-left:0px;--awb-padding-top:0px;--awb-padding-right:0px;--awb-padding-bottom:0px;--awb-padding-left:0px;--awb-flex-wrap:wrap;\" ><div class=\"fusion-builder-row fusion-row fusion-flex-align-items-flex-start fusion-flex-content-wrap\" style=\"max-width:1248px;margin-left: calc(-4% \/ 2 );margin-right: calc(-4% \/ 2 );\"><div class=\"fusion-layout-column fusion_builder_column fusion-builder-column-0 fusion_builder_column_1_1 1_1 fusion-flex-column\" style=\"--awb-padding-top:0px;--awb-padding-right:0px;--awb-padding-bottom:0px;--awb-padding-left:0px;--awb-bg-size:cover;--awb-width-large:100%;--awb-margin-top-large:0px;--awb-spacing-right-large:1.92%;--awb-margin-bottom-large:0px;--awb-spacing-left-large:1.92%;--awb-width-medium:100%;--awb-order-medium:0;--awb-spacing-right-medium:1.92%;--awb-spacing-left-medium:1.92%;--awb-width-small:100%;--awb-order-small:0;--awb-spacing-right-small:1.92%;--awb-spacing-left-small:1.92%;\" data-scroll-devices=\"small-visibility,medium-visibility,large-visibility\"><div class=\"fusion-column-wrapper fusion-column-has-shadow fusion-flex-justify-content-flex-start fusion-content-layout-column\">\n\t\t\t\t<p class=\"rs-p-wp-fix\"><\/p>\n\t\t\t\t<sr7-module data-alias=\"media-1\" data-id=\"31\" id=\"SR7_31_1\" class=\"rs-ov-hidden\" data-version=\"6.7.52\">\n\t\t\t\t\t<sr7-adjuster><\/sr7-adjuster>\n\t\t\t\t\t<sr7-content>\n\t\t\t\t\t\t<sr7-slide id=\"SR7_31_1-90\" data-key=\"90\">\n\t\t\t\t\t\t\t<sr7-bg id=\"SR7_31_1-90-1\" class=\"sr7-layer\"><noscript><img decoding=\"async\" src=\"https:\/\/helsingborgmarathon.se\/sites\/hbgm.se\/wp-content\/uploads\/2025\/12\/header_raceday.jpg\" alt=\"\" title=\"header_raceday\"><\/noscript><\/sr7-bg>\n\t\t\t\t\t\t<\/sr7-slide>\n\t\t\t\t\t\t<sr7-slide id=\"SR7_31_1-91\" data-key=\"91\">\n\t\t\t\t\t\t<\/sr7-slide>\n\t\t\t\t\t\t<sr7-slide id=\"SR7_31_1-92\" data-key=\"92\">\n\t\t\t\t\t\t<\/sr7-slide>\n\t\t\t\t\t<\/sr7-content>\n\t\t\t\t\t<image_lists style=\"display:none\">\n\t\t\t\t\t\t<img data-src=\"\/\/helsingborgmarathon.se\/sites\/hbgm.se\/wp-content\/uploads\/2025\/12\/header_raceday.jpg\" data-libid=\"1390\" data-lib=\"medialibrary\" title=\"header_raceday\" width=\"0\" height=\"0\" data-dbsrc=\"Ly9oZWxzaW5nYm9yZ21hcmF0aG9uLnNlL3NpdGVzL2hiZ20uc2Uvd3AtY29udGVudC91cGxvYWRzLzIwMjUvMTIvaGVhZGVyX3JhY2VkYXkuanBn\"\/>\n\t\t\t\t\t<\/image_lists>\n\t\t\t\t<\/sr7-module>\n\t\t\t\t<script>\n\t\t\t\t\twindow.SR7 ??={};SR7.PMH ??={}; SR7.PMH[\"SR7_31_1\"] = {cn:100,state:false,fn: function() { if (window._tpt!==undefined && window._tpt.prepareModuleHeight !== undefined) {  _tpt.prepareModuleHeight({id:\"SR7_31_1\",el:[800,800,743,960,1000],type:'standard',shdw:'0',gh:[800,800,743,960,1000],gw:[1240,1240,1024,778,480],vpt:['-200px&#039;,&#039;-200px&#039;,&#039;-200px&#039;,&#039;-200px&#039;,&#039;-200px'],size:{fullWidth:true, fullHeight:false},mh:'0',onh:0,onw:0,bg:{color:'{\"orig\":\"transparent\",\"type\":\"solid\",\"string\":\"transparent\"}'}});   SR7.PMH[\"SR7_31_1\"].state=true;} else if(SR7.PMH[\"SR7_31_1\"].cn-->0)\tsetTimeout( SR7.PMH[\"SR7_31_1\"].fn,19);}};SR7.PMH[\"SR7_31_1\" ].fn();\n\t\t\t\t<\/script>\n<\/div><\/div><\/div><\/div><div class=\"fusion-fullwidth fullwidth-box fusion-builder-row-2 fusion-flex-container has-pattern-background has-mask-background nonhundred-percent-fullwidth non-hundred-percent-height-scrolling\" style=\"--awb-border-radius-top-left:0px;--awb-border-radius-top-right:0px;--awb-border-radius-bottom-right:0px;--awb-border-radius-bottom-left:0px;--awb-flex-wrap:wrap;\" ><div class=\"fusion-builder-row fusion-row fusion-flex-align-items-center fusion-flex-content-wrap\" style=\"max-width:1248px;margin-left: calc(-4% \/ 2 );margin-right: calc(-4% \/ 2 );\"><div class=\"fusion-layout-column fusion_builder_column fusion-builder-column-1 fusion_builder_column_1_1 1_1 fusion-flex-column\" style=\"--awb-bg-size:cover;--awb-width-large:100%;--awb-margin-top-large:0px;--awb-spacing-right-large:1.92%;--awb-margin-bottom-large:20px;--awb-spacing-left-large:1.92%;--awb-width-medium:100%;--awb-order-medium:0;--awb-spacing-right-medium:1.92%;--awb-spacing-left-medium:1.92%;--awb-width-small:100%;--awb-order-small:0;--awb-spacing-right-small:1.92%;--awb-spacing-left-small:1.92%;\"><div class=\"fusion-column-wrapper fusion-column-has-shadow fusion-flex-justify-content-flex-start fusion-content-layout-column\"><div class=\"fusion-text fusion-text-1\"><h1 style=\"text-align: center\">SWEDISH HALF MARATHON CHAMPIONSHIPS 2026<\/h1>\n<\/div><div class=\"fusion-text fusion-text-2\"><p>We are proud to host the Swedish Half Marathon Championships in conjunction with the HOKA Helsingborg Half Marathon 2026. To be eligible to compete in the Swedish Half Marathon Championships, you must represent a club that is a member of the Swedish Athletics Association.<\/p>\n<\/div><\/div><\/div><div class=\"fusion-layout-column fusion_builder_column fusion-builder-column-2 fusion_builder_column_1_3 1_3 fusion-flex-column fusion-flex-align-self-flex-start\" style=\"--awb-padding-top:20px;--awb-padding-right:20px;--awb-padding-bottom:20px;--awb-padding-left:20px;--awb-bg-color:#f7f5f5;--awb-bg-color-hover:#f7f5f5;--awb-bg-size:cover;--awb-width-large:33.333333333333%;--awb-margin-top-large:0px;--awb-spacing-right-large:5.76%;--awb-margin-bottom-large:20px;--awb-spacing-left-large:5.76%;--awb-width-medium:33.333333333333%;--awb-order-medium:0;--awb-spacing-right-medium:5.76%;--awb-spacing-left-medium:5.76%;--awb-width-small:100%;--awb-order-small:0;--awb-spacing-right-small:1.92%;--awb-spacing-left-small:1.92%;\" data-scroll-devices=\"small-visibility,medium-visibility,large-visibility\"><div class=\"fusion-column-wrapper fusion-column-has-shadow fusion-flex-justify-content-flex-start fusion-content-layout-column\"><div class=\"fusion-text fusion-text-3\"><h1>Start Groups<\/h1>\n<p>As a participant in the Swedish Half Marathon Championships, you will start at the very front of the elite field at 09:30.<\/p>\n<\/div><\/div><\/div><div class=\"fusion-layout-column fusion_builder_column fusion-builder-column-3 fusion_builder_column_1_3 1_3 fusion-flex-column fusion-flex-align-self-flex-start\" style=\"--awb-padding-top:20px;--awb-padding-right:20px;--awb-padding-bottom:20px;--awb-padding-left:20px;--awb-bg-color:#f7f5f5;--awb-bg-color-hover:#f7f5f5;--awb-bg-size:cover;--awb-width-large:33.333333333333%;--awb-margin-top-large:0px;--awb-spacing-right-large:5.76%;--awb-margin-bottom-large:20px;--awb-spacing-left-large:5.76%;--awb-width-medium:33.333333333333%;--awb-order-medium:0;--awb-spacing-right-medium:5.76%;--awb-spacing-left-medium:5.76%;--awb-width-small:100%;--awb-order-small:0;--awb-spacing-right-small:1.92%;--awb-spacing-left-small:1.92%;\" data-scroll-devices=\"small-visibility,medium-visibility,large-visibility\"><div class=\"fusion-column-wrapper fusion-column-has-shadow fusion-flex-justify-content-flex-start fusion-content-layout-column\"><div class=\"fusion-text fusion-text-4\"><h1>Bag Drop<\/h1>\n<p>You can leave your bag in the elite lounge at Dunkers Kulturhus, and we will transport it to the bag drop at Gr\u00f6ningen.<\/p>\n<\/div><\/div><\/div><div class=\"fusion-layout-column fusion_builder_column fusion-builder-column-4 fusion_builder_column_1_3 1_3 fusion-flex-column fusion-flex-align-self-flex-start\" style=\"--awb-padding-top:20px;--awb-padding-right:20px;--awb-padding-bottom:20px;--awb-padding-left:20px;--awb-bg-color:#f7f5f5;--awb-bg-color-hover:#f7f5f5;--awb-bg-size:cover;--awb-width-large:33.333333333333%;--awb-margin-top-large:0px;--awb-spacing-right-large:5.76%;--awb-margin-bottom-large:20px;--awb-spacing-left-large:5.76%;--awb-width-medium:33.333333333333%;--awb-order-medium:0;--awb-spacing-right-medium:5.76%;--awb-spacing-left-medium:5.76%;--awb-width-small:100%;--awb-order-small:0;--awb-spacing-right-small:1.92%;--awb-spacing-left-small:1.92%;\" data-scroll-devices=\"small-visibility,medium-visibility,large-visibility\"><div class=\"fusion-column-wrapper fusion-column-has-shadow fusion-flex-justify-content-flex-start fusion-content-layout-column\"><div class=\"fusion-text fusion-text-5\"><h1>Personal Feeding<\/h1>\n<p>Personal feeding is only permitted in connection with the official fluid and energy stations.<\/p>\n<\/div><\/div><\/div><\/div><\/div><div class=\"fusion-fullwidth fullwidth-box fusion-builder-row-3 fusion-flex-container has-pattern-background has-mask-background nonhundred-percent-fullwidth non-hundred-percent-height-scrolling\" style=\"--awb-border-radius-top-left:0px;--awb-border-radius-top-right:0px;--awb-border-radius-bottom-right:0px;--awb-border-radius-bottom-left:0px;--awb-flex-wrap:wrap;\" ><div class=\"fusion-builder-row fusion-row fusion-flex-align-items-center fusion-flex-content-wrap\" style=\"max-width:1248px;margin-left: calc(-4% \/ 2 );margin-right: calc(-4% \/ 2 );\"><div class=\"fusion-layout-column fusion_builder_column fusion-builder-column-5 fusion_builder_column_1_1 1_1 fusion-flex-column\" style=\"--awb-bg-size:cover;--awb-width-large:100%;--awb-margin-top-large:0px;--awb-spacing-right-large:1.92%;--awb-margin-bottom-large:20px;--awb-spacing-left-large:1.92%;--awb-width-medium:100%;--awb-order-medium:0;--awb-spacing-right-medium:1.92%;--awb-spacing-left-medium:1.92%;--awb-width-small:100%;--awb-order-small:0;--awb-spacing-right-small:1.92%;--awb-spacing-left-small:1.92%;\"><div class=\"fusion-column-wrapper fusion-column-has-shadow fusion-flex-justify-content-flex-start fusion-content-layout-column\"><div class=\"fusion-text fusion-text-6\" style=\"--awb-text-color:var(--awb-color5);\"><h1>COMPETITION INFORMATION<\/h1>\n<\/div><div class=\"fusion-text fusion-text-7\"><p>Here\u2019s everything you need to know ahead of the Swedish Half Marathon Championships 2026.<\/p>\n<\/div><\/div><\/div><div class=\"fusion-layout-column fusion_builder_column fusion-builder-column-6 fusion_builder_column_1_1 1_1 fusion-flex-column\" style=\"--awb-bg-size:cover;--awb-width-large:100%;--awb-margin-top-large:0px;--awb-spacing-right-large:1.92%;--awb-margin-bottom-large:20px;--awb-spacing-left-large:1.92%;--awb-width-medium:100%;--awb-order-medium:0;--awb-spacing-right-medium:1.92%;--awb-spacing-left-medium:1.92%;--awb-width-small:100%;--awb-order-small:0;--awb-spacing-right-small:1.92%;--awb-spacing-left-small:1.92%;\"><div class=\"fusion-column-wrapper fusion-column-has-shadow fusion-flex-justify-content-flex-start fusion-content-layout-column\"><div class=\"fusion-text fusion-text-8\"><p><strong>Organizer:<\/strong> Runners Society Athletes Club Helsingborg is the host of the 2026 Swedish Half Marathon Championships. The championships will be held in conjunction with the HOKA Helsingborg Half Marathon on September 5, 2026.<br \/>\n<strong>Date:<\/strong> September 5, 2026<br \/>\n<strong>Start time:<\/strong> 09:30<br \/>\n<strong>Start location:<\/strong> <a href=\"https:\/\/goo.gl\/maps\/mBUZPSvXneLMhB3A9\" target=\"_blank\" rel=\"noopener\">Kungsgatan<\/a> at Sundstorget, outside Dunkers Kulturhus<\/p>\n<p><strong>Course<\/strong>: A single-loop course through Helsingborg. <a href=\"https:\/\/helsingborgmarathon.se\/sites\/hbgm.se\/half-marathon\/?lang=en\" target=\"_blank\" rel=\"noopener\">See the course map<\/a> and elevation profile here. Officially measured by certified course measurer Per M\u00e5nsson.<br \/>\n<strong>Water and aid stations:<\/strong> Six stations along the course offering water, sports drink from Umara, and fruit from Dole. In addition, Pepsi, Battery energy drink, chips, and pickles are served along the course.<br \/>\n<strong>Personal support (feeding):<\/strong> Personal feeding is only permitted in connection with the race\u2019s official fluid and energy stations\u2014within 30 meters before or after the station. Violations may result in disqualification.<br \/>\n<strong>Classes:<\/strong> Men &amp; Women<br \/>\n<strong>Registration:<\/strong> Register for the HOKA Helsingborg Half Marathon <a href=\"https:\/\/helsingborgmarathon.se\/registration\/half\/?lang=swe\" target=\"_blank\" rel=\"noopener\">here<\/a>. If you meet the eligibility requirements, you will automatically be entered into the Swedish Championships. Regular registration closes on August 27, 2026 at 23:59.<br \/>\n<strong>Registration with qualifying results:<\/strong> Send an email to <a href=\"mailto:hello@hbgm.se\" target=\"_blank\" rel=\"noopener\">hello@hbgm.se<\/a> with a link to your results.<br \/>\n<strong>Entry fee:<\/strong> SEK 280 (if you meet the qualifying standards; otherwise SEK 800).<br \/>\n<strong>Qualifying standards for reduced entry fee SM Men:<\/strong><br \/>Half Marathon: 1:12:00<br \/>10,000 m \/ 10 km: 31:30<br \/>Marathon: 2:32:00<br \/>Gross time = time from the start gun to crossing the finish line and is the time recorded in all official statistics. The performance must have been achieved after September 5, 2024.<br \/>\n<strong>Qualifying standards for reduced entry fee SM Women:<\/strong><br \/>Half Marathon: 1:24:00<br \/>10,000 m \/ 10 km: 37:00<br \/>Marathon: 2:55:00<br \/>Gross time = time from the start gun to crossing the finish line and is the time recorded in all official statistics. The performance must have been achieved after September 5, 2024.<br \/>\n<strong>Start list:<\/strong> You can find the start list <a href=\"https:\/\/helsingborgmarathon.se\/sites\/hbgm.se\/start-list\/?lang=en\" target=\"_blank\" rel=\"noopener\">here<\/a>!<br \/>\nStart confirmation: Sent no later than one week before the race to the email address you provided at registration.<br \/>\n<strong>Race bibs: <\/strong>The race bib with start number, name, and timing chip must be worn on the chest. The SM bib must be worn on the back.<br \/>\n<strong>Bib pickup: <\/strong>Race bibs can be collected at Dunkers Kulturhus. Opening hours are Thursday, September 3, 11:30\u201319:00; Friday, September 4, 11:30\u201319:00; and Saturday, September 5, 07:30\u201309:00.<br \/>\n<strong>Timing:<\/strong> Timing is conducted using a chip attached to the race bib.<br \/>\n<strong>Bag drop:<\/strong> You can store your bag at the finish area at Gr\u00f6ningen, approximately 600 meters north of the start. You will receive a sticker with your start number in your bib envelope, which must be attached to your bag before dropping it off.<br \/>\n<strong>Medal:<\/strong> All participants will receive a medal after finishing.<br \/>\n<strong>Showers &amp; cold bath: <\/strong>Changing facilities, showers, sauna, and cold bathing are available at Kallis, located 300 meters north of the finish. Free entry upon presentation of your race bib.<br \/>\n<strong>Prize ceremony:<\/strong> The official prize ceremony will take place at 11:15.<\/p>\n<p><strong>Competition rules:<\/strong> To be eligible to compete, you must represent a club that is a member of the Swedish Athletics Association.<br \/>\nYou must compete in your club\u2019s official kit\/singlet.<br \/>\nHeadphones are not permitted during the race.<br \/>\n<strong>Foreign nationals:<\/strong><br \/>\nForeign nationals are eligible to compete in the Swedish Championships provided that the conditions below are met and that a complete application for a competition permit has been submitted to the Swedish Athletics Association no later than August 6, 2026.<br \/>\n\u2013 Registered as a resident in Sweden and primarily residing in Sweden for at least one year prior to the competition date.<br \/>\n\u2013 Have permission from their home country\u2019s national federation to represent a Swedish club.<br \/>\n\u2013 Do not participate in a national championship in their home country during 2026, including after the Swedish Half Marathon Championships.<br \/>Please contact <a href=\"mailto:daniel.Bergin@friidrott.se\">Daniel Bergin<\/a> for more information regarding the application for a competition permit.<br \/>\n<strong>Resultat:<\/strong> Officiella resultat presenteras <a href=\"https:\/\/helsingborgmarathon.se\/sites\/hbgm.se\/results\/?lang=en\">h\u00e4r<\/a>! Liveresultat och lives\u00e4ndning finns p\u00e5 hbgm.se under t\u00e4vlingsdagen.<br \/>\n<a href=\"https:\/\/www.friidrott.se\/media\/lgxnjtl2\/regelboken2022.pdf\" target=\"_blank\" rel=\"noopener\">Read the full competition rules here!<\/a><\/p>\n<\/div><\/div><\/div><\/div><\/div><div class=\"fusion-fullwidth fullwidth-box fusion-builder-row-4 fusion-flex-container has-pattern-background has-mask-background nonhundred-percent-fullwidth non-hundred-percent-height-scrolling\" style=\"--awb-border-radius-top-left:0px;--awb-border-radius-top-right:0px;--awb-border-radius-bottom-right:0px;--awb-border-radius-bottom-left:0px;--awb-flex-wrap:wrap;\" ><div class=\"fusion-builder-row fusion-row fusion-flex-align-items-center fusion-flex-content-wrap\" style=\"max-width:1248px;margin-left: calc(-4% \/ 2 );margin-right: calc(-4% \/ 2 );\"><div class=\"fusion-layout-column fusion_builder_column fusion-builder-column-7 fusion_builder_column_1_1 1_1 fusion-flex-column fusion-flex-align-self-flex-start\" style=\"--awb-bg-color:#f7f5f5;--awb-bg-color-hover:#f7f5f5;--awb-bg-size:cover;--awb-width-large:100%;--awb-margin-top-large:0px;--awb-spacing-right-large:1.92%;--awb-margin-bottom-large:20px;--awb-spacing-left-large:1.92%;--awb-width-medium:100%;--awb-order-medium:0;--awb-spacing-right-medium:1.92%;--awb-spacing-left-medium:1.92%;--awb-width-small:100%;--awb-order-small:0;--awb-spacing-right-small:1.92%;--awb-spacing-left-small:1.92%;\" data-scroll-devices=\"small-visibility,medium-visibility,large-visibility\"><div class=\"fusion-column-wrapper fusion-column-has-shadow fusion-flex-justify-content-flex-start fusion-content-layout-column\"><div class=\"fusion-text fusion-text-9\"><h1>Can\u2019t find what you\u2019re looking for?<\/h1>\n<p>Head over to our <a href=\"https:\/\/helsingborgmarathon.se\/sites\/hbgm.se\/faq\/?lang=en\">FAQ<\/a> to find answers to the most frequently asked questions.<\/p>\n<\/div><\/div><\/div><\/div><\/div><div class=\"fusion-fullwidth fullwidth-box fusion-builder-row-5 fusion-flex-container has-pattern-background has-mask-background nonhundred-percent-fullwidth non-hundred-percent-height-scrolling\" style=\"--awb-border-radius-top-left:0px;--awb-border-radius-top-right:0px;--awb-border-radius-bottom-right:0px;--awb-border-radius-bottom-left:0px;--awb-margin-top:25px;--awb-margin-bottom:25px;--awb-flex-wrap:wrap;\" ><div class=\"fusion-builder-row fusion-row fusion-flex-align-items-center fusion-flex-content-wrap\" style=\"max-width:1248px;margin-left: calc(-4% \/ 2 );margin-right: calc(-4% \/ 2 );\"><div class=\"fusion-layout-column fusion_builder_column fusion-builder-column-8 fusion_builder_column_1_1 1_1 fusion-flex-column\" style=\"--awb-bg-size:cover;--awb-width-large:100%;--awb-margin-top-large:0px;--awb-spacing-right-large:1.92%;--awb-margin-bottom-large:20px;--awb-spacing-left-large:1.92%;--awb-width-medium:100%;--awb-order-medium:0;--awb-spacing-right-medium:1.92%;--awb-spacing-left-medium:1.92%;--awb-width-small:100%;--awb-order-small:0;--awb-spacing-right-small:1.92%;--awb-spacing-left-small:1.92%;\"><div class=\"fusion-column-wrapper fusion-column-has-shadow fusion-flex-justify-content-flex-start fusion-content-layout-column\"><\/div><\/div><\/div><\/div><\/p>\n","protected":false},"excerpt":{"rendered":"","protected":false},"author":3,"featured_media":0,"parent":0,"menu_order":0,"comment_status":"closed","ping_status":"closed","template":"100-width.php","meta":{"footnotes":""},"class_list":["post-2396","page","type-page","status-publish","hentry"],"_links":{"self":[{"href":"https:\/\/helsingborgmarathon.se\/sites\/hbgm.se\/wp-json\/wp\/v2\/pages\/2396","targetHints":{"allow":["GET"]}}],"collection":[{"href":"https:\/\/helsingborgmarathon.se\/sites\/hbgm.se\/wp-json\/wp\/v2\/pages"}],"about":[{"href":"https:\/\/helsingborgmarathon.se\/sites\/hbgm.se\/wp-json\/wp\/v2\/types\/page"}],"author":[{"embeddable":true,"href":"https:\/\/helsingborgmarathon.se\/sites\/hbgm.se\/wp-json\/wp\/v2\/users\/3"}],"replies":[{"embeddable":true,"href":"https:\/\/helsingborgmarathon.se\/sites\/hbgm.se\/wp-json\/wp\/v2\/comments?post=2396"}],"version-history":[{"count":4,"href":"https:\/\/helsingborgmarathon.se\/sites\/hbgm.se\/wp-json\/wp\/v2\/pages\/2396\/revisions"}],"predecessor-version":[{"id":2400,"href":"https:\/\/helsingborgmarathon.se\/sites\/hbgm.se\/wp-json\/wp\/v2\/pages\/2396\/revisions\/2400"}],"wp:attachment":[{"href":"https:\/\/helsingborgmarathon.se\/sites\/hbgm.se\/wp-json\/wp\/v2\/media?parent=2396"}],"curies":[{"name":"wp","href":"https:\/\/api.w.org\/{rel}","templated":true}]}}